16.
2, 13
What are the prime factors of 13466?
2, 6733
What are the prime factors of 15644?
2, 3911
List the prime factors of 39426.
2, 3, 6571
List the prime factors of 407.
11, 37
List the prime factors of 21310.
2, 5, 2131
List the prime factors of 10461.
3, 11, 317
List the prime factors of 1730.
2, 5, 173
What are the prime factors of 1838?
2, 919
List the prime factors of 21482.
2, 23, 467
List the prime factors of 1742.
2, 13, 67
List the prime factors of 8138.
2, 13, 313
List the prime factors of 7692.
2, 3, 641
List the prime factors of 31508.
2, 7877
What are the prime factors of 36674?
2, 11, 1667
List the prime factors of 777.
3, 7, 37
What are the prime factors of 2682?
2, 3, 149
What are the prime factors of 9308?
2, 13, 179
What are the prime factors of 5097?
3, 1699
What are the prime factors of 21026?
2, 10513
What are the prime factors of 2023?
7, 17
What are the prime factors of 24471?
3, 2719
List the prime factors of 20161.
20161
List the prime factors of 485.
5, 97
List the prime factors of 137650.
2, 5, 2753
What are the prime factors of 94645?
5, 23, 823
List the prime factors of 38995.
5, 11, 709
What are the prime factors of 42946?
2, 109, 197
List the prime factors of 6386.
2, 31, 103
What are the prime factors of 11739?
3, 7, 13, 43
What are the prime factors of 33249?
3, 11083
What are the prime factors of 703?
19, 37
List the prime factors of 41363.
7, 19, 311
What are the prime factors of 838?
2, 419
What are the prime factors of 32863?
59, 557
List the prime factors of 679.
7, 97
What are the prime factors of 86433?
3, 47, 613
List the prime factors of 14219.
59, 241
What are the prime factors of 4491?
3, 499
List the prime factors of 2088.
2, 3, 29
List the prime factors of 7398.
2, 3, 137
What are the prime factors of 17994?
2, 3, 2999
List the prime factors of 7819.
7, 1117
List the prime factors of 1826.
2, 11, 83
List the prime factors of 210001.
11, 17, 1123
List the prime factors of 397.
397
What are the prime factors of 14369?
14369
What are the prime factors of 1910?
2, 5, 191
List the prime factors of 407.
11, 37
What are the prime factors of 42445?
5, 13, 653
What are the prime factors of 172?
2, 43
What are the prime factors of 18154?
2, 29, 313
List the prime factors of 1389.
3, 463
List the prime factors of 3195.
3, 5, 71
What are the prime factors of 35303?
43, 821
List the prime factors of 5227.
5227
List the prime factors of 661.
661
List the prime factors of 4646.
2, 23, 101
List the prime factors of 39185.
5, 17, 461
List the prime factors of 65394.
2, 3, 7, 173
What are the prime factors of 23497?
23497
What are the prime factors of 2448?
2, 3, 17
What are the prime factors of 2547?
3, 283
What are the prime factors of 2750?
2, 5, 11
List the prime factors of 48342.
2, 3, 7, 1151
What are the prime factors of 16554?
2, 3, 31, 89
List the prime factors of 5411.
7, 773
List the prime factors of 150967.
150967
List the prime factors of 28996.
2, 11, 659
What are the prime factors of 92521?
11, 13, 647
List the prime factors of 1681.
41
List the prime factors of 23879.
23879
What are the prime factors of 13006?
2, 7, 929
List the prime factors of 3590.
2, 5, 359
List the prime factors of 121364.
2, 30341
What are the prime factors of 3643?
3643
List the prime factors of 3077.
17, 181
What are the prime factors of 3113?
11, 283
List the prime factors of 34596.
2, 3, 31
What are the prime factors of 12728?
2, 37, 43
What are the prime factors of 41499?
3, 29, 53
List the prime factors of 8074.
2, 11, 367
List the prime factors of 6174.
2, 3, 7
List the prime factors of 12897.
3, 1433
List the prime factors of 12494.
2, 6247
List the prime factors of 780.
2, 3, 5, 13
List the prime factors of 74946.
2, 3, 12491
What are the prime factors of 2792?
2, 349
What are the prime factors of 31076?
2, 17, 457
List the prime factors of 129242.
2, 64621
What are the prime factors of 1066?
2, 13, 41
List the prime factors of 4196.
2, 1049
List the prime factors of 15955.
5, 3191
What are the prime factors of 7306?
2, 13, 281
What are the prime factors of 35124?
2, 3, 2927
What are the prime factors of 35645?
5, 7129
What are the prime factors of 53682?
2, 3, 23, 389
List the prime factors of 1144.
2, 11, 13
List the prime factors of 140724.
2, 3, 1303
What are the prime factors of 40207?
31, 1297
List the prime factors of 891.
3, 11
List the prime factors of 12545.
5, 13, 193
List the prime factors of 13975.
5, 13, 43
What are the prime factors of 11877?
3, 37, 107
What are the prime factors of 56142?
2, 3, 3119
What are the prime factors of 1075?
5, 43
List the prime factors of 290.
2, 5, 29
List the prime factors of 30512.
2, 1907
What are the prime factors of 99858?
2, 3, 11, 17, 89
List the prime factors of 37252.
2, 67, 139
List the prime factors of 24084.
2, 3, 223
List the prime factors of 2816.
2, 11
List the prime factors of 1451.
1451
List the prime factors of 7581.
3, 7, 19
List the prime factors of 360.
2, 3, 5
List the prime factors of 3824.
2, 239
What are the prime factors of 57769?
41, 1409
What are the prime factors of 2104?
2, 263
List the prime factors of 36858.
2, 3, 6143
List the prime factors of 20324.
2, 5081
What are the prime factors of 1630?
2, 5, 163
List the prime factors of 44918.
2, 37, 607
What are the prime factors of 2995?
5, 599
What are the prime factors of 2473?
2473
What are the prime factors of 12949?
23, 563
List the prime factors of 534.
2, 3, 89
List the prime factors of 3690.
2, 3, 5, 41
What are the prime factors of 30?
2, 3, 5
What are the prime factors of 35804?
2, 8951
What are the prime factors of 12711?
3, 19, 223
List the prime factors of 25798.
2, 12899
List the prime factors of 3088.
2, 193
What are the prime factors of 167?
167
What are the prime factors of 3449?
3449
What are the prime factors of 72206?
2, 79, 457
What are the prime factors of 119423?
307, 389
What are the prime factors of 53650?
2, 5, 29, 37
List the prime factors of 205321.
23, 79, 113
List the prime factors of 7041.
3, 2347
What are the prime factors of 1417?
13, 109
What are the prime factors of 2074?
2, 17, 61
What are the prime factors of 139?
139
What are the prime factors of 3428?
2, 857
List the prime factors of 2173.
41, 53
List the prime factors of 19206.
2, 3, 11, 97
List the prime factors of 1117.
1117
List the prime factors of 4927.
13, 379
List the prime factors of 3279.
3, 1093
What are the prime factors of 1683?
3, 11, 17
What are the prime factors of 2335?
5, 467
What are the prime factors of 4225?
5, 13
List the prime factors of 3663.
3, 11, 37
What are the prime factors of 10399?
10399
List the prime factors of 1602.
2, 3, 89
List the prime factors of 38209.
19, 2011
What are the prime factors of 842?
2, 421
List the prime factors of 55649.
11, 5059
What are the prime factors of 76?
2, 19
What are the prime factors of 1594?
2, 797
List the prime factors of 25680.
2, 3, 5, 107
List the prime factors of 2141.
2141
What are the prime factors of 9040?
2, 5, 113
List the prime factors of 5844.
2, 3, 487
What are the prime factors of 949?
13, 73
What are the prime factors of 4276?
2, 1069
What are the prime factors of 63606?
2, 3, 10601
What are the prime factors of 9869?
71, 139
List the prime factors of 21528.
2, 3, 13, 23
List the prime factors of 2365.
5, 11, 43
What are the prime factors of 11387?
59, 193
What are the prime factors of 1006?
2, 503
List the prime factors of 5363.
31, 173
List the prime factors of 1127.
7, 23
What are the prime factors of 2328?
2, 3, 97
What are the prime factors of 27041?
7, 3863
List the prime factors of 36416.
2, 569
List the prime factors of 4279.
11, 389
What are the prime factors of 1360?
2, 5, 17
What are the prime factors of 9620?
2, 5, 13, 37
List the prime factors of 1149.
3, 383
List the prime factors of 11986.
2, 13, 461
List the prime factors of 145615.
5, 29123
List the prime factors of 164740.
2, 5, 8237
List the prime factors of 94258.
2, 47129
List the prime factors of 2593.
2593
What are the prime factors of 8960?
2, 5, 7
What are the prime factors of 39534?
2, 3, 11, 599
What are the prime factors of 10409?
7, 1487
List the prime factors of 16949.
17, 997
List the prime factors of 818.
2, 409
What are the prime factors